{"id":926,"date":"2022-05-16T17:34:02","date_gmt":"2022-05-16T20:34:02","guid":{"rendered":"https:\/\/lojaaconcheguinho.com.br\/?post_type=product&#038;p=926"},"modified":"2022-05-17T09:45:53","modified_gmt":"2022-05-17T12:45:53","slug":"toalha-lavabinho","status":"publish","type":"product","link":"https:\/\/lojaaconcheguinho.com.br\/index.php\/product\/toalha-lavabinho\/","title":{"rendered":"Toalha Lavabinho -Azul C\u00e9u"},"content":{"rendered":"<p>Personalize momentos e eternize lembran\u00e7as. Um presente exclusivo comove e aproxima as pessoas.<\/p>\n<p>Um body, uma camiseta ou toalhinha personalizada reflete o que voc\u00ea pensa e deseja para outra pessoa. As nossas camisetas e bodys s\u00e3o de poli\u00e9ster fio 30 (n\u00e3o transparente), que proporciona ao usu\u00e1rio o conforto de um tecido mais leve e suave.<\/p>\n<p>J\u00e1 a Toalha Lavabinho \u00e9 feita 100% em Algod\u00e3o com exce\u00e7\u00e3o da sua barra sublim\u00e1vel, que \u00e9 composta por tecido 100% Poli\u00e9ster.<\/p>\n<p>Tanto a camiseta quanto a toalha podem receber qualquer tipo de estampa, desde uma imagem de paisagem ou personalidade, at\u00e9 frases e fotos de familiares, amigos ou da pessoa amada. N\u00e3o h\u00e1 limites para sua criatividade.<\/p>\n<p>Como s\u00e3o produtos personalizados, s\u00e3o confeccionados a partir de 48 horas \u00fateis ap\u00f3s a confirma\u00e7\u00e3o do pagamento.<\/p>\n","protected":false},"excerpt":{"rendered":"<p>Toalha Lavabinho 100% em algod\u00e3o.<\/p>\n<p>\u00c1rea sublim\u00e1vel em 100% poli\u00e9ster.<\/p>\n<p>Medida da toalha: 24cm x 38cm<\/p>\n","protected":false},"featured_media":928,"comment_status":"open","ping_status":"closed","template":"","meta":[],"product_cat":[121],"product_tag":[59,49,123,122,116,114,126,115,112,124,113,117,125],"_links":{"self":[{"href":"https:\/\/lojaaconcheguinho.com.br\/index.php\/wp-json\/wp\/v2\/product\/926"}],"collection":[{"href":"https:\/\/lojaaconcheguinho.com.br\/index.php\/wp-json\/wp\/v2\/product"}],"about":[{"href":"https:\/\/lojaaconcheguinho.com.br\/index.php\/wp-json\/wp\/v2\/types\/product"}],"replies":[{"embeddable":true,"href":"https:\/\/lojaaconcheguinho.com.br\/index.php\/wp-json\/wp\/v2\/comments?post=926"}],"wp:featuredmedia":[{"embeddable":true,"href":"https:\/\/lojaaconcheguinho.com.br\/index.php\/wp-json\/wp\/v2\/media\/928"}],"wp:attachment":[{"href":"https:\/\/lojaaconcheguinho.com.br\/index.php\/wp-json\/wp\/v2\/media?parent=926"}],"wp:term":[{"taxonomy":"product_cat","embeddable":true,"href":"https:\/\/lojaaconcheguinho.com.br\/index.php\/wp-json\/wp\/v2\/product_cat?post=926"},{"taxonomy":"product_tag","embeddable":true,"href":"https:\/\/lojaaconcheguinho.com.br\/index.php\/wp-json\/wp\/v2\/product_tag?post=926"}],"curies":[{"name":"wp","href":"https:\/\/api.w.org\/{rel}","templated":true}]}}